h(b) = -7*b - 38. What is the remainder when 157 is divided by h(-13)?
51
Suppose -113*n = -112*n - 72. Calculate the remainder when 210 is divided by n.
66
Let y(m) = 3*m**3 + 2*m**2 + m. Let b = -10 + 9. Let a be y(b). Calculate the remainder when 10 + (-4)/(-6 - a) is divided by 4.
3
Let y(v) = v**2 - 11*v + 12. Let t be y(10). Calculate the remainder when t/(4/116 - 0) is divided by -4*-1*8 - 2.
28
Let m = -43 + 99. Let d = -13 + m. Calculate the remainder when d is divided by 23.
20
Let m = 2 + 82. Let j = -24 - -46. Calculate the remainder when m is divided by j.
18
Suppose -1009 = -14*u + 923. Calculate the remainder when u is divided by 20.
18
Let v(s) = s**2 + 13*s + 66. What is the remainder when v(-12) is divided by 11?
10
Suppose 5*w - 2 - 18 = 0. Let j = 3 - -2. Suppose j*l = -w*x + 112 + 312, -3*x = 2*l - 325. What is the remainder when x is divided by 28?
27
Let n(w) = -w**2 - 27*w - 22. What is the remainder when n(-20) is divided by 68?
50
Suppose 2*n = -4*n + 300. Suppose 0 = -2*r + n - 10. Calculate the remainder when r is divided by 6.
2
Suppose -5*n - 131 = -0*a + 2*a, 0 = 5*n - 25. Let q = a + 117. What is the remainder when q is divided by ((-3388)/(-2178))/(2/18)?
11
Let c(r) = r**3 + 10*r**2 + 21*r - 4. Let j be c(-8). Let l = j - -67. What is the remainder when l is divided by 8?
7
Let n(s) be the first derivative of -3*s**4/4 - s**3 - s**2 - 3*s - 4. Calculate the remainder when 38 is divided by n(-2).
12
Let x = 7 - -2. Suppose 2760 - 2438 = 14*w. Calculate the remainder when w is divided by x.
5
Let k = 325 - 262. Let s = -12 + 44. What is the remainder when k is divided by s?
31
Let k(u) = -2*u**3 - 5*u + 108. What is the remainder when k(0) is divided by 36?
0
Let l(c) = c + 5. Let k be l(13). Let p = k - 15. Let n = 23 - p. What is the remainder when 37 is divided by n?
17
Let v = 208 - 195. Calculate the remainder when 129 is divided by v.
12
Let n = 7 - -19. Suppose 5*z - 275 = -30. What is the remainder when z is divided by n?
23
Let v(l) = 5*l**2 + 1 + 4*l - 5 + l**3 + l**2 + 3. Let m = 13 - 18. Calculate the remainder when v(m) is divided by 2.
0
Suppose -4*c - 2*j = -38, -c - 4*j - 3 = -23. Suppose c = -4*i, v + 7 + 2 = -2*i. What is the remainder when (15/v)/((-6)/20) is divided by 3?
1
Let w be 4*-789*(-3)/36. Suppose 0*j + j = 3*u - w, 3*j = 5*u - 433. What is the remainder when u is divided by 18?
17
Let m be -2*1 + (-4)/(-1). Suppose -m*v + 5*v - 9 = 0. Suppose 4*q - 32 = -4*k, -22 = -4*k + q - 3*q. What is the remainder when k is divided by v?
0
Suppose -2*r + 3 = 5*w - 76, 0 = 5*r + 5*w - 235. Let g(q) = q**2 - q - 11. Calculate the remainder when r is divided by g(-5).
14
Let b = -3 + 2. Let w(x) = 5*x**2 + x + 1. Let q(j) = 18*j - 1. What is the remainder when q(1) is divided by w(b)?
2
Suppose -5*y + f + 4835 = 0, 4835 = 2*y + 3*y + 5*f. Calculate the remainder when y is divided by 10.
7
Suppose -w + 4*w - 30 = 0. Let p(i) = -i**3 + 28. Let a = 3 - 3. What is the remainder when p(a) is divided by w?
8
Suppose 4*j - x - 43 = 0, 3*x + 57 - 12 = 5*j. Suppose j + 193 = -5*m. Let q = m - -82. What is the remainder when q is divided by 11?
8
Let t(o) = o**3 + o**2 - 10*o + 2007. Calculate the remainder when t(0) is divided by 15.
12
Let a(v) = v**2 - 23 - 23 + 54 + 9*v. Let u be a(-6). Let w = u - -28. Calculate the remainder when w is divided by 5.
3
Let b = 6 + -2. Suppose y - b*t = -y + 8, -5*t + 67 = 3*y. What is the remainder when 25 is divided by y?
11
Suppose -40*b - 644 + 1576 = -1068. Calculate the remainder when b is divided by 238/18 - (-2)/(-9).
11
Let t = -345 + 353. Calculate the remainder when (-186)/9*(-3)/2 is divided by t.
7
Suppose 515*g = 520*g - 980. Calculate the remainder when g is divided by 18.
16
Let b = -67 + 97. Let p(s) = s**2 - 21*s + 35. Calculate the remainder when p(22) is divided by b.
27
Let v = 166 + -96. Let r be -1 - -6 - (10 - 10). Suppose -116 = -r*j + t, 4*j - 2*t - 94 = -6. What is the remainder when v is divided by j?
22
Suppose -2*d = -16 - 2. Suppose -d = -a + 26. What is the remainder when a is divided by (-1)/(1/2) + 14?
11
Suppose -3*b = 169*a - 168*a - 255, -b + 4*a = -72. What is the remainder when 197 is divided by b?
29
Let q(c) = 37*c**2 - 7*c - 4. Let l(n) = n + 1. Let v(m) = 6*l(m) + q(m). What is the remainder when v(1) is divided by 13?
12
Let h = 51 - 54. Calculate the remainder when 58 is divided by h + (-1 - -16) + 3.
13
Let y = 285 + -138. Suppose -4*m - y = -11*m. What is the remainder when 37 is divided by m?
16
Let s be (16/10)/((-54)/15 + 4). Suppose 0 = s*v - 7*i + 2*i - 539, 0 = -4*i + 20. Calculate the remainder when v is divided by 29.
25
Let l(q) = 2*q**3 - 34*q**2 + 63*q - 29. What is the remainder when -1 - 130/(-2) - 1 is divided by l(15)?
15
Let q be (6/15)/(-2*(-3)/30). Calculate the remainder when 1/q*(-3 + 121) is divided by 12.
11
Suppose 0 = -c + 7 + 7. Suppose -5*y + 3*q - 6*q + 26 = 0, -3*y = q - c. Suppose -75 = -y*z + 169. What is the remainder when z is divided by 16?
13
Suppose -2*s + 4*c = -s - 39, 71 = 2*s - c. Let o = -29 - -32. What is the remainder when s is divided by o - (192/(-4))/3?
16
Suppose 8*k + 235 + 397 = 0. Let d = k - -105. Let w(f) = f**3 - 5*f**2 + 2*f - 1. Calculate the remainder when d is divided by w(5).
8
Suppose -9*o = -13*o + 3976. Suppose 5*y - 51 = -5*x + 79, -3*x - 4*y = -79. What is the remainder when o/10 + (-2)/5 is divided by x?
24
Suppose 2*q - 5*q - 2*t = -295, 5*q = -5*t + 500. Calculate the remainder when q is divided by 16.
15
Let t(g) be the third derivative of -g**6/20 - g**5/60 - 8*g**2. Let w be t(-1). What is the remainder when (-1 + w)/((-4)/(-100)) is divided by 34?
32
Let o(f) = -5*f**3 - 36*f**2 - 8*f + 2. What is the remainder when 34 is divided by o(-7)?
7
Let s = 32 - 28. Suppose 0 = 3*h + 9, s*r - 2*h - 140 = -26. What is the remainder when r is divided by 4?
3
Let b be 17/3 - (-20)/(-30). Suppose 90 = b*z - 145. Calculate the remainder when z is divided by 10.
7
Let p(m) = m**3 + 16*m**2 + 12*m + 66. Calculate the remainder when p(-15) is divided by 48.
15
Suppose -15 = -26*a + 323. Calculate the remainder when a is divided by 2.
1
What is the remainder when (-4)/(-5)*6/(36/4755) is divided by 49?
46
Suppose -b + 81 = -h + 3*b, -b = -2*h - 127. Let g = -55 - h. What is the remainder when 29 is divided by g?
5
Let x(g) = 2*g**3 + 18*g**2 + 20*g - 19. Calculate the remainder when 702 is divided by x(-7).
36
Let o be (-42)/(-9) - (-4)/(-6). Suppose 0 = -h + 63 - 24. Suppose 24 = o*s + 2*y, 0*s = -5*s + 2*y + h. What is the remainder when s is divided by 2?
1
Suppose 240 = 49*b - 1426. What is the remainder when 302 is divided by b?
30
Suppose 0 = 4*v + 5*s - 62, 3*v + 4*s = 12 + 34. What is the remainder when 68 is divided by v?
14
Let p = 11 + -1. Let i be (-5)/3*(-9)/3. Suppose -i*q + 3*k + 191 = 0, -3*q + 6*q - 107 = -2*k. Calculate the remainder when q is divided by p.
7
Suppose -g + 2*r + 16 - 2 = 0, 4*r = -8. Let q = -33 + 35. Suppose q*y + 5*l + 4 = 30, -3*y = 3*l - 48. Calculate the remainder when y is divided by g.
8
Suppose 122 = 5*h + 3*c, -3 + 63 = 2*h + 4*c. Suppose 232 = h*r - 18*r. Calculate the remainder when r is divided by 6.
4
Suppose -t + 3 = -4*l + 5, -5*l = -4*t - 8. Suppose -4*m - 5*w - 151 = 0, -5*m - 164 = -l*w - 2*w. Calculate the remainder when 48 is divided by m/8*(-20)/5.
14
Suppose 22*x = -3*x + 925. What is the remainder when x is divided by 13?
11
Calculate the remainder when 118 is divided by 2412/93 + 12/186.
14
Let j be (-6 - (3 - 2))*1. Let g(x) = x**3 + 6*x**2 - 11*x - 4. Let v be g(j). Let h = v - -85. What is the remainder when h is divided by 28?
25
Let b = -241 - -285. What is the remainder when 305 is divided by b?
41
Let x(a) = a**3 + 7*a**2 + 2. Let l be x(-7). Let p(g) = -g**3 - 10*g + l*g**2 + 2 - 9 - 11*g**2 - 6. What is the remainder when 8 is divided by p(-8)?
2
Let g(a) = 39*a**3 - a**2 - 4*a + 3. Calculate the remainder when 130 is divided by g(1).
19
Suppose 2085 = 3*b + 1689. What is the remainder when b is divided by 9?
6
Suppose 4*m + 15 = -5*r, m = -4*r + 5*r + 3. Calculate the remainder when 50 is divided by 7/(r + 35/10).
8
Let z(q) = -q**2 + 3*q + 4. Let k be z(3). Suppose k*s - 32 = 2*s. Calculate the remain